50
What is the remainder when 1078 is divided by 45?
43
What is the remainder when 16012 is divided by 51?
49
Calculate the remainder when 317 is divided by 29.
27
Calculate the remainder when 549 is divided by 110.
109
Calculate the remainder when 75 is divided by 28.
19
What is the remainder when 2599 is divided by 26?
25
Calculate the remainder when 880 is divided by 165.
55
What is the remainder when 56 is divided by 29?
27
What is the remainder when 238 is divided by 29?
6
Calculate the remainder when 593 is divided by 43.
34
What is the remainder when 17237 is divided by 169?
168
Calculate the remainder when 63 is divided by 23.
17
What is the remainder when 124 is divided by 37?
13
What is the remainder when 6422 is divided by 2137?
11
What is the remainder when 431 is divided by 54?
53
Calculate the remainder when 2813 is divided by 15.
8
Calculate the remainder when 122 is divided by 77.
45
What is the remainder when 3497 is divided by 50?
47
What is the remainder when 104 is divided by 58?
46
Calculate the remainder when 536 is divided by 174.
14
Calculate the remainder when 103 is divided by 26.
25
Calculate the remainder when 18 is divided by 7.
4
Calculate the remainder when 402 is divided by 81.
78
Calculate the remainder when 161 is divided by 161.
0
Calculate the remainder when 2229 is divided by 33.
18
Calculate the remainder when 500 is divided by 222.
56
What is the remainder when 1534 is divided by 19?
14
Calculate the remainder when 2104 is divided by 124.
120
What is the remainder when 372 is divided by 19?
11
What is the remainder when 475 is divided by 220?
35
Calculate the remainder when 148 is divided by 19.
15
What is the remainder when 398 is divided by 82?
70
What is the remainder when 1535 is divided by 32?
31
Calculate the remainder when 46 is divided by 17.
12
What is the remainder when 108 is divided by 100?
8
What is the remainder when 957 is divided by 238?
5
What is the remainder when 174 is divided by 26?
18
Calculate the remainder when 96 is divided by 26.
18
What is the remainder when 45 is divided by 3?
0
Calculate the remainder when 624 is divided by 123.
9
Calculate the remainder when 150 is divided by 58.
34
What is the remainder when 25253 is divided by 366?
365
What is the remainder when 232 is divided by 26?
24
Calculate the remainder when 1530 is divided by 77.
67
Calculate the remainder when 933 is divided by 320.
293
Calculate the remainder when 4689 is divided by 17.
14
What is the remainder when 108 is divided by 18?
0
What is the remainder when 39 is divided by 33?
6
Calculate the remainder when 269 is divided by 27.
26
Calculate the remainder when 4080 is divided by 13.
11
What is the remainder when 213 is divided by 72?
69
What is the remainder when 390 is divided by 56?
54
What is the remainder when 19 is divided by 17?
2
What is the remainder when 377 is divided by 154?
69
What is the remainder when 3541 is divided by 22?
21
What is the remainder when 745 is divided by 247?
4
Calculate the remainder when 357 is divided by 10.
7
What is the remainder when 502 is divided by 16?
6
What is the remainder when 704 is divided by 149?
108
Calculate the remainder when 8622 is divided by 14.
12
What is the remainder when 53 is divided by 28?
25
Calculate the remainder when 1222 is divided by 135.
7
Calculate the remainder when 1019 is divided by 68.
67
Calculate the remainder when 312 is divided by 35.
32
What is the remainder when 126 is divided by 7?
0
What is the remainder when 633 is divided by 91?
87
Calculate the remainder when 217 is divided by 68.
13
Calculate the remainder when 22171 is divided by 241.
240
Calculate the remainder when 45 is divided by 12.
9
What is the remainder when 187 is divided by 59?
10
Calculate the remainder when 42 is divided by 19.
4
Calculate the remainder when 57 is divided by 22.
13
Calculate the remainder when 91 is divided by 23.
22
Calculate the remainder when 233 is divided by 63.
44
Calculate the remainder when 116 is divided by 9.
8
Calculate the remainder when 863 is divided by 67.
59
Calculate the remainder when 3294 is divided by 29.
17
Calculate the remainder when 363 is divided by 134.
95
What is the remainder when 420 is divided by 38?
2
Calculate the remainder when 7382 is divided by 211.
208
What is the remainder when 447 is divided by 64?
63
Calculate the remainder when 9245 is divided by 16.
13
Calculate the remainder when 113 is divided by 17.
11
Calculate the remainder when 356 is divided by 26.
18
What is the remainder when 326 is divided by 102?
20
Calculate the remainder when 1580 is divided by 113.
111
What is the remainder when 2232 is divided by 375?
357
What is the remainder when 110 is divided by 89?
21
What is the remainder when 1549 is divided by 16?
13
What is the remainder when 138 is divided by 28?
26
What is the remainder when 809 is divided by 14?
11
Calculate the remainder when 80 is divided by 43.
37
Calculate the remainder when 8275 is divided by 92.
87
Calculate the remainder when 135 is divided by 64.
7
Calculate the remainder when 8 is divided by 6.
2
Calculate the remainder when 247 is divided by 15.
7
What is the remainder when 2755 is divided by 20?
15
What is the remainder when 4196 is divided by 150?
146
Calculate the remainder when 337 is divided by 13.
12
Calculate the remainder when 351 is divided by 17.
11
Calculate the remainder when 46 is divided by 18.
10
What is the remainder when 86 is divided by 22?
20
Calculate the remainder when 590 is divided by 4.
2
What is the remainder when 234 is divided by 7?
3
What is the remainder when 30 is divided by 12?
6
Calculate the remainder when 398 is divided by 19.
18
Calculate the remainder when 182 is divided by 35.
7
Calculate the remainder when 2264 is divided by 216.
104
Calculate the remainder when 109 is divided by 102.
7
Calculate the remainder when 1448 is divided by 161.
160
What is the remainder when 121 is divided by 21?
16
What is the remainder when 350 is divided by 51?
44
Calculate the remainder when 291 is divided by 42.
39
What is the remainder when 78 is divided by 45?
33
What is the remainder when 404 is divided by 183?
38
Calculate the remainder when 53 is divided by 38.
15
Calculate the remainder when 218 is divided by 25.
18
What is the remainder when 531 is divided by 408?
123
What is the remainder when 872 is divided by 47?
26
What is the remainder when 1978 is divided by 21?
4
What is the remainder when 350 is divided by 59?
55
Calculate the remainder when 156 is divided by 6.
0
What is the remainder when 548 is divided by 29?
26
What is the remainder when 527 is divided by 24?
23
What is the remainder when 1108 is divided by 15?
13
Calculate the remainder when 4198 is divided by 56.
54
What is the remainder when 2754 is divided by 19?
18
Calculate the remainder when 6622 is divided by 125.
122
What is the remainder when 438 is divided by 88?
86
What is the remainder when 514 is divided by 68?
38
What is the remainder when 772 is divided by 51?
7
Calculate the remainder when 345 is divided by 79.
29
What is the remainder when 5314 is divided by 5?
4
What is the remainder when 126 is divided by 5?
1
What is the remainder when 568 is divided by 20?
8
What is the remainder when 249 is divided by 93?
63
What is the remainder when 103 is divided by 15?
13
What is the remainder when 545 is divided by 161?
62
Calculate the remainder when 434 is divided by 73.
69
What is the remainder when 96 is divided by 14?
12
What is the remainder when 7408 is divided by 109?
105
Calculate the remainder when 213 is divided by 159.
54
Calculate the remainder when 34 is divided by 13.
8
Calculate the remainder when 1271 is divided by 58.
53
What is the remainder when 387 is divided by 180?
27
Calculate the remainder when 197 is divided by 11.
10
Calculate the remainder when 333 is divided by 21.
18
What is the remainder when 113 is divided by 71?
42
Calculate the remainder when 92 is divided by 31.
30
Calculate the remainder when 2632 is divided by 17.
14
Calculate the remainder when 70 is divided by 36.
34
What is the remainder when 233 is divided by 36?
17
What is the remainder when 13511 is divided by 24?
23
Calculate the remainder when 674 is divided by 301.
72